late the remainder when 248513 is divided by 49638.
323
What is the remainder when 1347070 is divided by 269339?
375
Calculate the remainder when 107927 is divided by 1798.
47
What is the remainder when 63809807 is divided by 1346?
1331
Calculate the remainder when 67737 is divided by 3464.
1921
What is the remainder when 24461 is divided by 37?
4
Calculate the remainder when 35521 is divided by 2839.
1453
What is the remainder when 2566074 is divided by 5021?
343
Calculate the remainder when 130496 is divided by 248.
48
Calculate the remainder when 2071289 is divided by 690378.
155
What is the remainder when 511510725 is divided by 20?
5
Calculate the remainder when 2350567 is divided by 227.
209
What is the remainder when 18401980 is divided by 89?
73
Calculate the remainder when 567278 is divided by 283314.
650
Calculate the remainder when 5636585 is divided by 5636559.
26
Calculate the remainder when 56592920 is divided by 33.
32
Calculate the remainder when 393914 is divided by 98343.
542
Calculate the remainder when 138400 is divided by 5536.
0
What is the remainder when 5451979 is divided by 430?
9
What is the remainder when 120054 is divided by 2328?
1326
What is the remainder when 804088 is divided by 7244?
4
Calculate the remainder when 1647643 is divided by 2645.
2453
Calculate the remainder when 59818877 is divided by 2344.
2341
What is the remainder when 140243 is divided by 54?
5
Calculate the remainder when 794338 is divided by 737.
589
Calculate the remainder when 41382191 is divided by 138.
131
What is the remainder when 202351749 is divided by 278?
275
What is the remainder when 97673119 is divided by 218998?
11
Calculate the remainder when 190959592 is divided by 208.
200
Calculate the remainder when 89028 is divided by 895.
423
Calculate the remainder when 232322 is divided by 3871.
62
Calculate the remainder when 72030 is divided by 6905.
2980
Calculate the remainder when 78388222 is divided by 323.
321
What is the remainder when 372929 is divided by 177?
167
Calculate the remainder when 11675408 is divided by 692.
676
Calculate the remainder when 4653631 is divided by 99009.
208
What is the remainder when 2679093 is divided by 111?
108
What is the remainder when 25253622 is divided by 21?
9
What is the remainder when 451658 is divided by 45163?
28
What is the remainder when 1700592 is divided by 1539?
1536
What is the remainder when 4948620 is divided by 216?
60
What is the remainder when 808278 is divided by 3904?
150
Calculate the remainder when 58147 is divided by 2816.
1827
What is the remainder when 411909 is divided by 24?
21
Calculate the remainder when 3490858 is divided by 1468.
1422
Calculate the remainder when 381992728 is divided by 49.
47
Calculate the remainder when 25225308 is divided by 25225290.
18
What is the remainder when 14560 is divided by 1538?
718
Calculate the remainder when 728833 is divided by 182205.
13
Calculate the remainder when 31211 is divided by 15344.
523
Calculate the remainder when 901774 is divided by 250.
24
What is the remainder when 541009 is divided by 442?
1
What is the remainder when 32709030 is divided by 87?
75
Calculate the remainder when 76306292 is divided by 526.
524
What is the remainder when 4442610 is divided by 341738?
16
What is the remainder when 1857025 is divided by 12807?
10
What is the remainder when 814413 is divided by 2553?
6
What is the remainder when 2200088 is divided by 5?
3
What is the remainder when 38165454 is divided by 3910?
3854
What is the remainder when 117519709 is divided by 21?
13
Calculate the remainder when 48370991 is divided by 557.
554
What is the remainder when 52654171 is divided by 3761012?
3
Calculate the remainder when 117976 is divided by 58634.
708
What is the remainder when 1251 is divided by 453?
345
What is the remainder when 1637433 is divided by 631?
619
Calculate the remainder when 196016607 is divided by 343.
339
Calculate the remainder when 1286575 is divided by 62.
13
Calculate the remainder when 1117117 is divided by 22342.
17
Calculate the remainder when 321936 is divided by 6567.
153
Calculate the remainder when 1305844 is divided by 435189.
277
Calculate the remainder when 852944361 is divided by 91.
87
Calculate the remainder when 76629065 is divided by 8222.
25
What is the remainder when 857037 is divided by 77785?
1402
What is the remainder when 1027423 is divided by 338?
241
Calculate the remainder when 172701 is divided by 14215.
2121
What is the remainder when 751309 is divided by 146?
139
What is the remainder when 21579827 is divided by 49?
31
Calculate the remainder when 7874696 is divided by 334.
312
Calculate the remainder when 338676 is divided by 1002.
0
Calculate the remainder when 7674443 is divided by 68.
31
Calculate the remainder when 2367337 is divided by 1048.
953
Calculate the remainder when 8156417 is divided by 1434.
1259
Calculate the remainder when 1052257333 is divided by 2756.
2753
What is the remainder when 426397864 is divided by 54?
40
What is the remainder when 628673 is divided by 2757?
77
Calculate the remainder when 22273437 is divided by 1762.
1757
What is the remainder when 100280 is divided by 7145?
250
What is the remainder when 1326784664 is divided by 19?
15
Calculate the remainder when 2160864 is divided by 412.
336
Calculate the remainder when 4417082 is divided by 324.
314
What is the remainder when 2007560 is divided by 669051?
407
Calculate the remainder when 916307 is divided by 3740.
7
Calculate the remainder when 10297554 is divided by 24.
18
What is the remainder when 8331830 is divided by 74390?
150
What is the remainder when 24141 is divided by 12047?
47
What is the remainder when 195934 is divided by 353?
19
What is the remainder when 53821812 is divided by 7124?
7116
What is the remainder when 57182 is divided by 6043?
2795
What is the remainder when 2873880 is divided by 584?
16
What is the remainder when 6619 is divided by 274?
43
What is the remainder when 167713 is divided by 1381?
612
What is the remainder when 366396 is divided by 366396?
0
Calculate the remainder when 9408853 is divided by 348475.
28
What is the remainder when 5132319 is divided by 934?
923
What is the remainder when 290120 is divided by 1511?
8
Calculate the remainder when 32375775 is divided by 5148.
3
What is the remainder when 1328331 is divided by 9290?
9151
What is the remainder when 17350992 is divided by 8675494?
4
Calculate the remainder when 1168656 is divided by 230.
26
Calculate the remainder when 128667 is divided by 1736.
203
Calculate the remainder when 22192 is divided by 3162.
58
What is the remainder when 1587409 is divided by 105823?
64
Calculate the remainder when 1173429 is divided by 3144.
717
What is the remainder when 20686 is divided by 2905?
351
Calculate the remainder when 8792103 is divided by 644.
215
What is the remainder when 1265550 is divided by 8551?
2
What is the remainder when 47329 is divided by 7202?
4117
Calculate the remainder when 1439511 is divided by 317.
14
What is the remainder when 13353817 is divided by 282?
271
What is the remainder when 2756476 is divided by 275641?
66
Calculate the remainder when 294781 is divided by 20109.
13255
Calculate the remainder when 160919058 is divided by 1472.
18
What is the remainder when 286650 is divided by 35763?
546
Calculate the remainder when 599808 is divided by 298791.
2226
Calculate the remainder when 630981 is divided by 42065.
6
Calculate the remainder when 1534569 is divided by 123.
21
Calculate the remainder when 990409 is divided by 199.
185
What is the remainder when 7259418 is divided by 551?
544
Calculate the remainder when 60536179 is divided by 2328314.
15
What is the remainder when 63248 is divided by 1684?
940
Calculate the remainder when 80590 is divided by 79154.
1436
Calculate the remainder when 163025 is divided by 47.
29
Calculate the remainder when 25810760 is divided by 12.
8
What is the remainder when 12960696 is divided by 142425?
21
Calculate the remainder when 415065 is divided by 489.
393
Calculate the remainder when 6048013 is divided by 949.
36
What is the remainder when 2129955 is divided by 2214?
87
What is the remainder when 236817 is divided by 202?
73
What is the remainder 